hat is 1034 + -4?
1030
In base 3, what is 21020 + -12?
21001
In base 7, what is 1134 - -10?
1144
In base 7, what is 4 - 0?
4
In base 6, what is -314200 - -1?
-314155
In base 8, what is 1 - -220?
221
In base 11, what is 51 - 3?
49
In base 12, what is 1 + 106?
107
In base 16, what is 3 - -4db?
4de
In base 3, what is 20021 - 0?
20021
In base 5, what is 2003 - -10?
2013
In base 12, what is -2 - 24b?
-251
In base 5, what is -1001 + 2?
-444
In base 10, what is 448 - 13?
435
In base 8, what is 1 + -3366?
-3365
In base 3, what is 11 + -10001?
-2220
In base 5, what is 1224 + 1?
1230
In base 7, what is 5 - -501?
506
In base 15, what is -dd9 - 3?
-ddc
In base 10, what is -5251 - -2?
-5249
In base 3, what is -1101 + -20000?
-21101
In base 5, what is -1020 + 103?
-412
In base 4, what is -1 + 33?
32
In base 7, what is -20165 - -1?
-20164
In base 14, what is -1813 - -1?
-1812
In base 5, what is 222412 + -3?
222404
In base 5, what is -1134 - -1?
-1133
In base 4, what is 2 + -103?
-101
In base 9, what is -6 - 842?
-848
In base 16, what is 3 - -25?
28
In base 16, what is 279 - 5?
274
In base 6, what is 144 - 0?
144
In base 3, what is 1 + 2022?
2100
In base 10, what is -3304 + -1?
-3305
In base 12, what is 64b - 3?
648
In base 11, what is 0 - 47?
-47
In base 16, what is -7 - -598?
591
In base 9, what is 12 - -2?
14
In base 10, what is -520 - 0?
-520
In base 14, what is -20 + -4?
-24
In base 10, what is 95 - 4?
91
In base 10, what is 159 - -6?
165
In base 11, what is 3 + -134?
-131
In base 13, what is -1 + 2471?
2470
In base 8, what is 2335 + -2?
2333
In base 3, what is -10 + 101112?
101102
In base 6, what is -55 + -3?
-102
In base 4, what is 102 - 1?
101
In base 11, what is 1 + -421?
-420
In base 3, what is -20 - -10102?
10012
In base 16, what is -3 + -7?
-a
In base 15, what is -619 - -1?
-618
In base 5, what is 110203 + -2?
110201
In base 15, what is 5 + c?
12
In base 4, what is 3 - -13300?
13303
In base 8, what is 0 + 13361?
13361
In base 8, what is -3 - 456?
-461
In base 8, what is -3 - -23?
20
In base 7, what is -2 - -10466?
10464
In base 10, what is 54 - 5?
49
In base 14, what is 7 + d?
16
In base 14, what is -53 + -2?
-55
In base 13, what is 1784 + -4?
1780
In base 9, what is 4 + -3105?
-3101
In base 6, what is 41 + 4?
45
In base 4, what is 10 + 111?
121
In base 5, what is 33 - -1?
34
In base 7, what is 12 + -63?
-51
In base 7, what is 12 + -1053?
-1041
In base 7, what is -253 - -20?
-233
In base 11, what is -66 - -2?
-64
In base 15, what is -6 - 16c?
-173
In base 5, what is 334 + 4?
343
In base 9, what is 385 - 4?
381
In base 15, what is 105 + -c?
e8
In base 14, what is 4 + -bb?
-b7
In base 9, what is 103 + -27?
65
In base 7, what is 3 + -103?
-100
In base 16, what is -5 + -35?
-3a
In base 14, what is -47 - 5?
-4c
In base 13, what is 107 - 0?
107
In base 2, what is -110 + 10100010?
10011100
In base 11, what is 138 - 4?
134
In base 5, what is 23 + 42?
120
In base 16, what is -10 - b?
-1b
In base 2, what is -10100 - -10010100?
10000000
In base 14, what is -15 - 7?
-1c
In base 2, what is 11 + -1001011001?
-1001010110
In base 3, what is -20111 + 11?
-20100
In base 6, what is 1101 + 3?
1104
In base 2, what is 111101 - 11011?
100010
In base 6, what is 10014 + 4?
10022
In base 2, what is -11 + -1111110000010?
-1111110000101
In base 3, what is -101121 + -1010?
-102201
In base 13, what is 1 - -49a?
49b
In base 4, what is 3 + -1310?
-1301
In base 4, what is -303 + 1000?
31
In base 8, what is 233 - -15?
250
In base 10, what is 5 + -1?
4
In base 4, what is 10 - 233103?
-233033
In base 12, what is 29 + 9?
36
In base 3, what is 11001221 - -2?
11002000
In base 3, what is 2111 + -112?
1222
In base 7, what is 1206 + 33?
1242
In base 9, what is 247 - 3?
244
In base 16, what is -4 - d4?
-d8
In base 8, what is -5 - 1044?
-1051
In base 16, what is 2 - 3c?
-3a
In base 15, what is 199 - -4?
19d
In base 4, what is -11 + 212?
201
In base 8, what is 21 + 11?
32
In base 3, what is 120020 + -20?
120000
In base 13, what is -2 + -350?
-352
In base 11, what is -4 - 178a?
-1793
In base 4, what is -2013 - -21?
-1332
In base 3, what is 100 - 1100?
-1000
In base 16, what is 1b9 - -6?
1bf
In base 15, what is 0 - 740?
-740
In base 3, what is 211220 - 2?
211211
In base 5, what is 42 - 144?
-102
In base 16, what is 1 + -c?
-b
In base 7, what is -421 + 4?
-414
In base 12, what is -b - -133?
124
In base 9, what is 3 + 14?
17
In base 12, what is -949 + 1?
-948
In base 3, what is 211020 - 0?
211020
In base 16, what is 156 - 0?
156
In base 7, what is -1 + -1034?
-1035
In base 15, what is -5 + -52?
-57
In base 8, what is -504 + -5?
-511
In base 7, what is -16 + -46?
-65
In base 3, what is 1201222 - 12?
1201210
In base 16, what is 132 - -4?
136
In base 9, what is -4 - 35?
-40
In base 9, what is 42 - -2?
44
In base 13, what is -445a - 4?
-4461
In base 8, what is -6 + 13?
5
In base 4, what is 1 - -2020?
2021
In base 11, what is -2 + 12?
10
In base 9, what is -2 + 1035?
1033
In base 10, what is 73 + 34?
107
In base 6, what is -4 + 110?
102
In base 16, what is 1a + f?
29
In base 2, what is 0 - 1010000100?
-1010000100
In base 7, what is -24 + -14?
-41
In base 11, what is 9 + 44?
52
In base 3, what is 22102101 - 11?
22102020
In base 15, what is -2 + 60a?
608
In base 11, what is 1a + -9?
11
In base 4, what is -10101 - 32?
-10133
In base 16, what is 3b8 - 3?
3b5
In base 3, what is 2021201 + 12?
2021220
In base 9, what is -1 + 4?
3
In base 10, what is -5 - 15?
-20
In base 11, what is -1a + 8?
-12
In base 12, what is 20 - 5?
17
In base 12, what is 4 + -17b?
-177
In base 15, what is 21 - 4e?
-2d
In base 5, what is -1400 - 110?
-2010
In base 5, what is -33 - -10?
-23
In base 3, what is 22120 - 12?
22101
In base 8, what is -3 + 3263?
3260
In base 9, what is -62 - -658?
586
In base 8, what is -324 - 0?
-324
In base 10, what is 107 - -66?
173
In base 13, what is -2 + 483?
481
In base 4, what is -10120 - 0?
-10120
In base 4, what is -102202 - 10?
-102212
In base 2, what is -10111100101 + -100?
-10111101001
In base 15, what is 46c - -7?
474
In base 7, what is 35552 - -3?
35555
In base 7, what is -5 + -35?
-43
In base 10, what is -4 - 413?
-417
In base 14, what is -33 - 12?
-45
In base 4, what is 10 + 11122?
11132
In base 4, what is -120 - -30?
-30
In base 12, what is -4 + -5?
-9
In base 4, what is -33 + -332?
-1031
In base 7, what is -2 + 3?
1
In base 11, what is 34 - -74?
a8
In base 9, what is -12 - -48?
36
In base 16, what is -a + -42?
-4c
In base 14, what is 3cc + -5?
3c7
In base 16, what is -1 + -25?
-26
In base 9, what is -6663 - 2?
-6665
In base 3, what is -1 - -120?
112
In base 11, what is -109 - 12?
-120
In base 6, what is -2 - -12154?
12152
In base 9, what is 677 - 5?
672
In base 3, what is 12 - 2110?
-2021
In base 13, what is 3 + -3?
0
In base 15, what is -2 - 36?
-38
In base 9, what is 2 - 254?
-252
In base 6, what is 42 - -3120?
3202
In base 3, what is 10 - -11010?
11020
In base 10, what is -4 + -840?
-844
In base 2, what is 0 - -10101110000?
10101110000
In base 2, what is -1 + -101111?
-110000
In base 5, what is 20 - 30?
-10
In base 2, what is 1011111011101000 + -1?
1011111011100111
In base 13, what is -2 + 179?
177
In base 12, what is -975 + 3?
-972
In base 10, what is -2 + 4884?
4882
In base 14, what is -267 + -a?
-273
In base 5, what is -2 - -133?
131
In base 7, what is 136 + -5?
131
In base 3, what is -12 + 1112002?
1111220
In base 13, what is -14c - 5?
-154
In base 13, what is 4 + 83?
87
In base 5, what is -10 - -100323?
100313
In base 10, what is 387 - -2?
389
In base 15, what is 3b + -1?
3a
In base 7, what is -316 - -2?
-314
In base 16, what is -c6 - 5?
-cb
In base 5, what is -3104 + 1?
-3103
In base 12, what is 2 + 34?
36
In base 5, what is -4 - -32212?
32203
In base 12, what is -79 + 5?
-74
In base 5, what is 1 + -1300?
-1244
In base 5, what is -4 + 200?
141
In base 10, what is 60 - 15?
45
In base 11, what is -76 + 3?
-73
In base 13, what is 402 - -1?
403
In base 16, what is -282 + 3?
-27f
In base 4, what is 10323 + -31?
10232
In base 16, what is -117 - -4?
-113
In base 10, what is -64 - 134?
-198
In base 6, what is 2 + -52?
-50
In base 10, what is -58 - -169?
111
In base 5, what is -2031 - 3?
-2034
In base 3, what is 100120022 + -12?
100120010
In base 12, what is 152 + -2?
150
In base 5, w